f -b**6/120 + b**5/30 + b**4/8 - b**3/6 - 6*b**2 - 1. What is q(w)?
-1
Suppose 4*z - 12 = z. Let n = 6 - z. Let m(u) = -u**2 + n*u**2 - 33*u**3 - 10 + 32*u**3. Determine m(0).
-10
Let j(a) = -4*a**2 + 2*a + 2. Let q(l) = -7*l**2 + 3*l + 4. Let s(f) = -5*j(f) + 3*q(f). Let c be (12/9 + 0)*(-9)/6. Calculate s(c).
0
Let z(b) be the first derivative of 3*b**2/2 - 3*b + 18. Give z(3).
6
Let r(p) = 0*p**2 - 10*p + 17*p**2 + 19 + 37*p**3 + 42*p**3 - 10*p**2 - 80*p**3. What is r(6)?
-5
Let n(m) = -9 + 5*m**2 - 5*m**2 + 6*m**2 + 14*m. Let a(u) = -5*u**2 - 13*u + 8. Let k(j) = -7*a(j) - 6*n(j). Give k(8).
-10
Let y(v) = v**2 + 11*v - 6. Let q(w) = 2*w**3 + 3*w**2 + 11*w + 14. Let f be q(-2). What is y(f)?
6
Let k(r) = -r - 2. Suppose 5*y - 8*y + 3 = 0, -3*y = 5*c + 17. Determine k(c).
2
Suppose -29 = -5*q + 4*s, -4*q + 6*s = 5*s - 21. Let b(g) = 2 + q*g + g - 2*g - 3*g. Give b(-3).
-1
Let d(i) = 6*i + 4. Let g(c) = 2*c + 5. Let h(w) = d(w) - g(w). Calculate h(-4).
-17
Suppose -4*b + 16 = 4*u, -5*u + 4 = -4*b - 25. Let j(p) = 3*p - 22. What is j(u)?
-7
Suppose -10*o + 78 = 3*o. Let g = o + 0. Let w(n) = n**2 - 8*n + 9. Determine w(g).
-3
Let w(d) = d**2 - 10*d + 11. Let q be w(6). Let p = -3 - 7. Let s = q - p. Let h(t) = t**3 + 5*t**2 + 2*t. Determine h(s).
12
Let x(l) = -l. Suppose -2*r + 3*r = -3, 0 = -3*h + 4*r + 72. Let m be 2 + (1 + 4)*(-16)/h. What is x(m)?
2
Let s(w) = w**3 - 6*w**2 + 4*w - 1. Suppose 2*q = p, 2*p + 149*q = 144*q + 18. Determine s(p).
-17
Suppose 5*n + 11 = -4*g + 3, 2*g - 5*n + 4 = 0. Let b(z) = -2*z - 8. Let h be b(-9). Let k(s) = -h*s**2 + 2 + 2*s - 4 + 13*s**2. Calculate k(g).
6
Let u(g) = -7*g**2 - 2*g. Let o(z) = -20*z**2 - 6*z - 1. Let n(l) = -6*o(l) + 17*u(l). Determine n(-5).
21
Suppose -a - 3*z + 12 = 0, 2*a - 21 = -a - 4*z. Let i(n) = -2*n**3 - n**3 + 3*n - 2*n - 4*n**2 + 4*n**a. What is i(3)?
-6
Let u(g) be the first derivative of g**2/2 - 495. Let o(h) = -h. Let j be o(0). Give u(j).
0
Suppose -37*y - a - 33 = -42*y, -3 = a. Let j(v) = -v**2 + 8*v + 3. Calculate j(y).
15
Let o(j) be the first derivative of j**4/4 - 7*j**3/3 - 3*j**2/2 + 2*j + 133. Calculate o(7).
-19
Let y(x) = -4 + 3*x**3 - 2*x**3 - 219*x + 9*x**2 + 226*x. Determine y(-8).
4
Let u be 2/(-4) - 520/16. Let z = -27 - u. Let d(i) = 11*i**2 - 18*i - 7. Let b(r) = 4*r**2 - 6*r - 2. Let c(s) = -8*b(s) + 3*d(s). Calculate c(z).
-5
Suppose 3*z + 20 = 8*z. Let i be (2/(-5))/(z/(-20)). Let q(m) = 0 + 3 + 4*m - i - 3*m. Determine q(-5).
-4
Let r(n) = n**2 + 7*n - 17. Let b be r(-9). Suppose -7*q - 22 + b = 0. Let f(g) = 3 + g**2 - 3*g + 2*g + 6*g. Determine f(q).
-3
Suppose 4*x + 6 = 2. Let p = -3 + x. Let u(n) = -n - 4. What is u(p)?
0
Suppose -2*n - 2*z = 2*n - 22, 0 = 5*n + 5*z - 35. Let h(v) = -8*v. Let g(q) = -q. Let b(p) = n*g(p) - h(p). Determine b(2).
8
Let g(d) = 17 + 12 - 51*d + 28*d + 25*d. Determine g(-15).
-1
Let s = 1731 + -1731. Let p(q) be the third derivative of -2*q**3 + 0*q**4 + 0*q - 3*q**2 + s + 1/120*q**6 + 1/60*q**5. What is p(0)?
-12
Let k be (0/1)/((16 + 2)/(-6)). Let j(n) be the second derivative of 4*n + 2/3*n**3 + k - 1/2*n**2 - 1/20*n**5 - 1/12*n**4. Determine j(-3).
5
Let y = 2192 + -2188. Let q(t) = -t**3 + 5*t**2 - 3*t - 4. Give q(y).
0
Let s(u) = -u - 5. Let g be s(-7). Suppose 4*y = 5*y - g. Let a(b) = 3*b - 2. Calculate a(y).
4
Let l = 65 + -83. Let s(g) = -g**3 - 17*g**2 + 16*g - 42. Let b be s(l). Let x(a) = a**2 + 7*a + 1. What is x(b)?
-5
Let b(t) = t - t + t**2 - t + 2. Let l(v) = v**3 + 4*v**2 - 7*v - 11. Let s be l(-5). Let w be s*(-1 - (-2 - -1)). Calculate b(w).
2
Let o(p) = p**3 + 4*p**2 + p + 1. Let d be o(-4). Let a(u) = -u + 3. Calculate a(d).
6
Suppose -2*x = 2*q + 26, 0 = -q - 5*x - 0*x - 17. Let h(v) = 2*v**2 + 22*v - 9. What is h(q)?
15
Let j(l) = -l - 2. Let a be (18/(-15))/(3/(-15)). Let v be (a/(-4))/(18/24). Determine j(v).
0
Suppose 2*u - 2*a = -2, -u - 5*a = -0 + 7. Let w be (6 - 0)*u/(-3). Suppose -w*v = -3*v - 1. Let q(b) = 12*b**3 + b - 1. Calculate q(v).
12
Suppose 4*a + 4*l - 8 = 0, -4*a = -a - 2*l - 11. Let n(z) = -2*z - 3. Give n(a).
-9
Let y be -1*(-2)/4*0. Suppose y*b = b - 2. Let d(p) = -p**3 - p - 1. What is d(b)?
-11
Let g(m) = -2 + 0 + 6 - m. Let c(i) = 5*i**2 - 68*i + 46. Let t be c(13). Give g(t).
-3
Let b(m) = -3*m**2 + 1. Let u(i) = 5*i**2 + 5*i - 3. Let p(n) = -n**2 - n + 1. Let x(k) = 4*p(k) + u(k). Let a = 170 - 172. Let w(q) = a*x(q) - b(q). Give w(4).
5
Suppose 4*d = 4*s + 16, 4 = 2*s + 2*d - 4. Let r(o) = -2*o - 39. Give r(s).
-39
Let h = 1624 - 1634. Let x(b) = -b**3 - 11*b**2 - 8*b + 11. What is x(h)?
-9
Suppose 5*q - 8*q + 6 = 0. Let z(r) = -r + 1. Let l(s) = s - 1. Let x(j) = q*z(j) + l(j). What is x(-1)?
2
Let d be (-106)/1113 + 44/21. Let b(w) = 7*w - 4. What is b(d)?
10
Let z(x) = 2*x + 5. Let h be (1 - (0 + 0))*-18. Let s be (9/3)/(3 - h/(-8)). Give z(s).
13
Let c(b) be the first derivative of 1/2*b**2 + 2*b + 10. Determine c(-5).
-3
Let s = 6 + -9. Let t(w) be the third derivative of w**4/24 + w**3/3 + 294*w**2 - 2. Determine t(s).
-1
Suppose l + 3 + 1 = 0. Let h(r) = 1 - 7*r - 8 + 10*r. Let s(o) = o. Let x(d) = -h(d) + 4*s(d). Calculate x(l).
3
Let s(l) = l**3 - 8*l**2 - 3*l + 9. Let w(q) = -q**2 + 1. Let y = -44 + 48. Let o(i) = y*w(i) - s(i). Calculate o(4).
7
Let y(u) = 13*u**2 - 14*u - 1. Let r(p) = -7*p**2 + 7*p. Let d(i) = -11*r(i) - 6*y(i). Let s be d(8). Let t(l) = 3 + l - 5 - 2*l. Give t(s).
0
Let g be (8 - (-420)/(-50))*15. Let d(t) = -5*t - 3 + 1 + 3*t. Give d(g).
10
Let k(o) = o + 3. Let c be 34 + 4*-2 + 4. Let g = c + -26. What is k(g)?
7
Let v(s) = -s**3 + 3*s + 3. Suppose 0 = 358*h - 352*h. What is v(h)?
3
Let k(j) = -j**2 - 13*j + 7. Let a be k(-13). Suppose 0 = 5*x + 5*y + 15, -3*x - 4*y = a + 5. Let v(f) = f**3 + f**2 + f - 1. Give v(x).
-1
Let r(o) = o**2 - 5*o - 3. Let w = -49 + 54. Determine r(w).
-3
Let y(p) = -2*p**3 - p**2 + 4*p + 1. Suppose 502*m + 16 = 494*m. Calculate y(m).
5
Suppose -24 = -p - 3*p - h, -3*p = -2*h - 29. Let b(s) be the second derivative of s**4/12 - 4*s**3/3 + 4*s. Calculate b(p).
-7
Let b(q) = q + 5. Let p be b(0). Let m(k) be the third derivative of k**4/24 - k**3/2 + 88*k**2. Calculate m(p).
2
Suppose 3*k - 8*a = -4*a + 1, 2*a = -k + 7. Let o(w) = -3*w**2 - 3*w - 4. What is o(k)?
-40
Let s(x) = x**3 + 5*x**2 + 16*x + 42. Let t be s(-4). Let l(c) = 3*c + 9. Determine l(t).
-9
Let z(d) = 10*d**2 - 4*d - 8. Let f(x) = 11*x**2 - 5*x - 10. Let r(w) = -5*f(w) + 6*z(w). What is r(2)?
24
Let z = 0 + -1. Let q(a) be the second derivative of a**5/30 - a**4/12 - a**3/6 + 19*a**2/2 + 12*a. Let u(g) be the first derivative of q(g). Calculate u(z).
3
Let y(d) = -4*d**3 + 3*d - 4. Let v(n) = -5*n**3 - n**2 + 4*n - 5. Let o(g) = -3*v(g) + 4*y(g). Let k = -20919 + 20922. Give o(k).
-1
Let n(f) be the third derivative of f**4/12 + f**3/3 + 607*f**2. Let t be (1 + 1/3)*3. What is n(t)?
10
Let p be 17/(-3) - (-8)/12. Let s be 1/(-1) - (p - -6). Let h(m) = -7*m - 2. Calculate h(s).
12
Suppose 0 = -5*d + 13*j - 9*j - 11, -20 = -5*j. Let w(h) = 3*h + 1. What is w(d)?
4
Suppose 17 + 118 = 5*m. Let k = -31 + m. Let u(b) = -b**2 - 3*b - 3. What is u(k)?
-7
Let h(c) = c**3 - 5*c**2 + c + 2. Suppose -23 - 7 = -15*x. Determine h(x).
-8
Suppose -3*j - 4*w + w - 15 = 0, -3*j + 4*w = -20. Suppose 0 = -j*y + 3*y + 2*y. Let r(o) = -o + 5. Give r(y).
5
Let u(t) = -t**2 + 5*t + 4. Let r = 15 + -4. Suppose r - 5 = p. Determine u(p).
-2
Let u(p) = -2*p + 1 + 11*p - 2 - 10*p. Let w(v) = -v - 3. Let h(i) = 7*u(i) - 3*w(i). What is h(2)?
-6
Let h(k) = -2 + 0*k + 3*k + 0*k + 44*k**3 - 43*k**3 - 6*k**2 - 5. Suppose s + 4*s = 30. Determine h(s).
11
Suppose -1 = 2*k - 3. Suppose -3*w - 2*z + 3 = -5, 2*w + k = 5*z. Let s(m) = -3*m**3 + 3*m + 2*m**3 + 3*m - 3*m**w + 0*m**2 + 6. Give s(-4).
-2
Let v(l) = -3*l**3 - l**2 - 16*l + 7. Let j(o) = 2*o**3 + 8*o - 3. Suppose 2*i - i = 0. Suppose 2*u + i*u = -10. Let x(d) = u*j(d) - 3*v(d). What is x(5)?
-16
Let b(p) be the third derivative of -18*p**2 + 1/60*p**5 + 0*p + 0 + 0*p**4 + 0*p**3. Suppose 0 = -l - 0 + 2. Give b(l).
4
Let x(d) = 2 + 6 - 9*d + 8*d**2 - d**3 + 0*d**3. Suppose 0 = 10*u - 73 + 3. What is x(u)?
-6
Let w(z) = z. Let i(l) = -9*l - 1. Let y(d) = -i(d) - 4*w(d). Determine y(-2).
-9
Let p be (-1)/(-4*(-2)/8)